{"id":264,"date":"2022-02-07T16:27:06","date_gmt":"2022-02-07T15:27:06","guid":{"rendered":"https:\/\/adoptetapolitiquesanitaire.fr\/?page_id=264"},"modified":"2023-05-11T17:54:47","modified_gmt":"2023-05-11T15:54:47","slug":"videos","status":"publish","type":"page","link":"https:\/\/adoptetapolitiquesanitaire.fr\/?page_id=264","title":{"rendered":"Vid\u00e9os \/ Interviews \/ Presse"},"content":{"rendered":"\n<p><\/p>\n\n\n\n<p>Interview avec Andr\u00e9 Bercoff sur Sud Radio 13 avril 2023 , 11 minutes<\/p>\n\n\n\n<p>A propos de la r\u00e9int\u00e9gration des soignants et des vaccins covid<\/p>\n\n\n\n<p><a href=\"https:\/\/www.youtube.com\/watch?v=BdBUyvR1cvs\">https:\/\/www.youtube.com\/watch?v=BdBUyvR1cvs<\/a><\/p>\n\n\n\n<p>Interview avec Yannick Urrien sur Kernews  Tour de Bretagne 11 avril 2023 ,  16 minutes<\/p>\n\n\n\n<p><a href=\"https:\/\/www.kernews.com\/le-docteur-denis-agret-en-conference-vendredi-14-avril-a-saint-andre-des-eaux\/40384\/\">https:\/\/www.kernews.com\/le-docteur-denis-agret-en-conference-vendredi-14-avril-a-saint-andre-des-eaux\/40384\/<\/a> <\/p>\n\n\n\n<p>Interview avec l&rsquo;avocat parisien Carlo Brusa (1h40) pour expliquer les tenants et aboutissants de mes proc\u00e9dures judiciaires et avec l&rsquo;Ordre des m\u00e9decins. <\/p>\n\n\n\n<p><a href=\"https:\/\/videos.reaction19.fr\/items\/38082ffb-983c-42fd-91c7-af01fafa11c7\/\">https:\/\/videos.reaction19.fr\/items\/38082ffb-983c-42fd-91c7-af01fafa11c7\/<\/a><\/p>\n\n\n\n<p>Interview Ligne Droite avec Cl\u00e9mence Houdiakova sur Radio Courtoisie <\/p>\n\n\n\n<p>21 septembre 2022 , 17 minutes<\/p>\n\n\n\n<p><a href=\"https:\/\/www.youtube.com\/channel\/UCIA3flGw7EPkw9c7S-qGjbQ\/community?lc=UgxuBFgGQOKDrO-_Xml4AaABAg&amp;lb=UgkxBpr4pmhneAVhojqU6PArarVa57ZUlWlO\">https:\/\/www.youtube.com\/channel\/UCIA3flGw7EPkw9c7S-qGjbQ\/community?lc=UgxuBFgGQOKDrO-_Xml4AaABAg&amp;lb=UgkxBpr4pmhneAVhojqU6PArarVa57ZUlWlO<\/a><\/p>\n\n\n\n<p><a href=\"https:\/\/odysee.com\/@LigneDroiteMatinale:8\/libre-info-ok:5\">https:\/\/odysee.com\/@LigneDroiteMatinale:8\/libre-info-ok:5<\/a><\/p>\n\n\n\n<p>Le site Rumble est censur\u00e9 en France depuis novembre 2022.<\/p>\n\n\n\n<figure class=\"wp-block-embed is-type-rich is-provider-twitter wp-block-embed-twitter\"><div class=\"wp-block-embed__wrapper\">\n<blockquote class=\"twitter-tweet\" data-width=\"525\" data-dnt=\"true\"><p lang=\"fr\" dir=\"ltr\">La d\u00e9cision de Rumble de d\u00e9sactiver ses services en France pour ne pas c\u00e9der aux demandes intempestives de censure par notre gouvernement, devient un scandal qui se propage vite<br><br>La France aurait elle peur de laisser son peuple acc\u00e9der librement aux informations qu\u2019il souhaite ? <a href=\"https:\/\/t.co\/XewBrtO377\">pic.twitter.com\/XewBrtO377<\/a><\/p>&mdash; Bertrand SCHOLLER (@55Bellechasse) <a href=\"https:\/\/twitter.com\/55Bellechasse\/status\/1587669354270932992?ref_src=twsrc%5Etfw\">November 2, 2022<\/a><\/blockquote><script async src=\"https:\/\/platform.twitter.com\/widgets.js\" charset=\"utf-8\"><\/script>\n<\/div><\/figure>\n\n\n\n<p>Si vous voulez continuer \u00e0 regarder <strong>Rumble<\/strong> et mes vid\u00e9os : <\/p>\n\n\n\n<p>Il faut t\u00e9l\u00e9charger Tor <a rel=\"noreferrer noopener\" href=\"https:\/\/t.co\/CO8T6tz0xG\" target=\"_blank\">https:\/\/play.google.com\/store\/search?q=tor&amp;c=apps&amp;gl=FR<\/a><\/p>\n\n\n\n<p>https:\/\/www.torproject.org\/fr\/download\/  <\/p>\n\n\n\n<p>Indications de port de masque chirurgical<\/p>\n\n\n\n<p><a href=\"https:\/\/rumble.com\/vuam9h-indication-masque-chirurgical.html\">https:\/\/rumble.com\/vuam9h-indication-masque-chirurgical.html<\/a><\/p>\n\n\n\n<p>15 minutes de V\u00e9rit\u00e9 par le Dr Denis AGRET<\/p>\n\n\n\n<p><a href=\"https:\/\/rumble.com\/vuas7g-15-minutes-de-vrit-par-le-dr-denis-agret.html\">https:\/\/rumble.com\/vuas7g-15-minutes-de-vrit-par-le-dr-denis-agret.html<\/a><\/p>\n\n\n\n<p>D\u00e9c\u00e8s 9x&gt; avec Pfizer qu&rsquo;avec corona chez moins de 18 ans <a rel=\"noreferrer noopener\" href=\"https:\/\/t.co\/VFdbYBs4Mf\" target=\"_blank\">https:\/\/rumble.com\/vzbmih-risque-de-dcs-avec-vaccin-covid-au-mois-9-x-au-risque-de-dc-corona-chez-moi.htm<\/a>l<\/p>\n\n\n\n<p>Myocardite <a rel=\"noreferrer noopener\" href=\"https:\/\/t.co\/u3EMooI6xI\" target=\"_blank\">https:\/\/rumble.com\/v1kzlcx-a-propos-de-myocardites-gravissimes-troubles-thromboemboliques-et-dcs.-sour.html<\/a><\/p>\n\n\n\n<p>Antibiotiques adapt\u00e9s <a rel=\"noreferrer noopener\" href=\"https:\/\/t.co\/tElAhDjwzA\" target=\"_blank\">https:\/\/rumble.com\/vyfqej-une-erreur-manifeste-de-traitement-remettre-la-mdecine-dans-le-droit-chemin.html<\/a><\/p>\n\n\n\n<p><\/p>\n","protected":false},"excerpt":{"rendered":"<p>Interview avec Andr\u00e9 Bercoff sur Sud Radio 13 avril 2023 , 11 minutes A propos de la r\u00e9int\u00e9gration des soignants et des vaccins covid https:\/\/www.youtube.com\/watch?v=BdBUyvR1cvs Interview avec Yannick Urrien sur Kernews Tour de Bretagne 11 avril 2023 , 16 minutes https:\/\/www.kernews.com\/le-docteur-denis-agret-en-conference-vendredi-14-avril-a-saint-andre-des-eaux\/40384\/ Interview avec l&rsquo;avocat parisien Carlo Brusa (1h40) pour expliquer les tenants et aboutissants de &hellip; <\/p>\n<p class=\"link-more\"><a href=\"https:\/\/adoptetapolitiquesanitaire.fr\/?page_id=264\" class=\"more-link\">Continuer la lecture<span class=\"screen-reader-text\"> de &laquo;&nbsp;Vid\u00e9os \/ Interviews \/ Presse&nbsp;&raquo;<\/span><\/a><\/p>\n","protected":false},"author":1,"featured_media":0,"parent":0,"menu_order":0,"comment_status":"closed","ping_status":"closed","template":"","meta":[],"_links":{"self":[{"href":"https:\/\/adoptetapolitiquesanitaire.fr\/index.php?rest_route=\/wp\/v2\/pages\/264"}],"collection":[{"href":"https:\/\/adoptetapolitiquesanitaire.fr\/index.php?rest_route=\/wp\/v2\/pages"}],"about":[{"href":"https:\/\/adoptetapolitiquesanitaire.fr\/index.php?rest_route=\/wp\/v2\/types\/page"}],"author":[{"embeddable":true,"href":"https:\/\/adoptetapolitiquesanitaire.fr\/index.php?rest_route=\/wp\/v2\/users\/1"}],"replies":[{"embeddable":true,"href":"https:\/\/adoptetapolitiquesanitaire.fr\/index.php?rest_route=%2Fwp%2Fv2%2Fcomments&post=264"}],"version-history":[{"count":12,"href":"https:\/\/adoptetapolitiquesanitaire.fr\/index.php?rest_route=\/wp\/v2\/pages\/264\/revisions"}],"predecessor-version":[{"id":538,"href":"https:\/\/adoptetapolitiquesanitaire.fr\/index.php?rest_route=\/wp\/v2\/pages\/264\/revisions\/538"}],"wp:attachment":[{"href":"https:\/\/adoptetapolitiquesanitaire.fr\/index.php?rest_route=%2Fwp%2Fv2%2Fmedia&parent=264"}],"curies":[{"name":"wp","href":"https:\/\/api.w.org\/{rel}","templated":true}]}}

Vidéos / Interviews / Presse

<p></p>



<p>Interview avec André Bercoff sur Sud Radio 13 avril 2023 , 11 minutes</p>



<p>A propos de la réintégration des soignants et des vaccins covid</p>



<p><a href="https://www.youtube.com/watch?v=BdBUyvR1cvs">https://www.youtube.com/watch?v=BdBUyvR1cvs</a></p>



<p>Interview avec Yannick Urrien sur Kernews  Tour de Bretagne 11 avril 2023 ,  16 minutes</p>



<p><a href="https://www.kernews.com/le-docteur-denis-agret-en-conference-vendredi-14-avril-a-saint-andre-des-eaux/40384/">https://www.kernews.com/le-docteur-denis-agret-en-conference-vendredi-14-avril-a-saint-andre-des-eaux/40384/</a> </p>



<p>Interview avec l&rsquo;avocat parisien Carlo Brusa (1h40) pour expliquer les tenants et aboutissants de mes procédures judiciaires et avec l&rsquo;Ordre des médecins. </p>



<p><a href="https://videos.reaction19.fr/items/38082ffb-983c-42fd-91c7-af01fafa11c7/">https://videos.reaction19.fr/items/38082ffb-983c-42fd-91c7-af01fafa11c7/</a></p>



<p>Interview Ligne Droite avec Clémence Houdiakova sur Radio Courtoisie </p>



<p>21 septembre 2022 , 17 minutes</p>



<p><a href="https://www.youtube.com/channel/UCIA3flGw7EPkw9c7S-qGjbQ/community?lc=UgxuBFgGQOKDrO-_Xml4AaABAg&amp;lb=UgkxBpr4pmhneAVhojqU6PArarVa57ZUlWlO">https://www.youtube.com/channel/UCIA3flGw7EPkw9c7S-qGjbQ/community?lc=UgxuBFgGQOKDrO-_Xml4AaABAg&amp;lb=UgkxBpr4pmhneAVhojqU6PArarVa57ZUlWlO</a></p>



<p><a href="https://odysee.com/@LigneDroiteMatinale:8/libre-info-ok:5">https://odysee.com/@LigneDroiteMatinale:8/libre-info-ok:5</a></p>



<p>Le site Rumble est censuré en France depuis novembre 2022.</p>



<figure class="wp-block-embed is-type-rich is-provider-twitter wp-block-embed-twitter"><div class="wp-block-embed__wrapper">
<blockquote class="twitter-tweet" data-width="525" data-dnt="true"><p lang="fr" dir="ltr">La décision de Rumble de désactiver ses services en France pour ne pas céder aux demandes intempestives de censure par notre gouvernement, devient un scandal qui se propage vite<br><br>La France aurait elle peur de laisser son peuple accéder librement aux informations qu’il souhaite ? <a href="https://t.co/XewBrtO377">pic.twitter.com/XewBrtO377</a></p>&mdash; Bertrand SCHOLLER (@55Bellechasse) <a href="https://twitter.com/55Bellechasse/status/1587669354270932992?ref_src=twsrc%5Etfw">November 2, 2022</a></blockquote><script async src="https://platform.twitter.com/widgets.js" charset="utf-8"></script>
</div></figure>



<p>Si vous voulez continuer à regarder <strong>Rumble</strong> et mes vidéos : </p>



<p>Il faut télécharger Tor <a rel="noreferrer noopener" href="https://t.co/CO8T6tz0xG" target="_blank">https://play.google.com/store/search?q=tor&amp;c=apps&amp;gl=FR</a></p>



<p>https://www.torproject.org/fr/download/  </p>



<p>Indications de port de masque chirurgical</p>



<p><a href="https://rumble.com/vuam9h-indication-masque-chirurgical.html">https://rumble.com/vuam9h-indication-masque-chirurgical.html</a></p>



<p>15 minutes de Vérité par le Dr Denis AGRET</p>



<p><a href="https://rumble.com/vuas7g-15-minutes-de-vrit-par-le-dr-denis-agret.html">https://rumble.com/vuas7g-15-minutes-de-vrit-par-le-dr-denis-agret.html</a></p>



<p>Décès 9x&gt; avec Pfizer qu&rsquo;avec corona chez moins de 18 ans <a rel="noreferrer noopener" href="https://t.co/VFdbYBs4Mf" target="_blank">https://rumble.com/vzbmih-risque-de-dcs-avec-vaccin-covid-au-mois-9-x-au-risque-de-dc-corona-chez-moi.htm</a>l</p>



<p>Myocardite <a rel="noreferrer noopener" href="https://t.co/u3EMooI6xI" target="_blank">https://rumble.com/v1kzlcx-a-propos-de-myocardites-gravissimes-troubles-thromboemboliques-et-dcs.-sour.html</a></p>



<p>Antibiotiques adaptés <a rel="noreferrer noopener" href="https://t.co/tElAhDjwzA" target="_blank">https://rumble.com/vyfqej-une-erreur-manifeste-de-traitement-remettre-la-mdecine-dans-le-droit-chemin.html</a></p>



<p></p>

<p>Interview avec André Bercoff sur Sud Radio 13 avril 2023 , 11 minutes A propos de la réintégration des soignants et des vaccins covid https://www.youtube.com/watch?v=BdBUyvR1cvs Interview avec Yannick Urrien sur Kernews Tour de Bretagne 11 avril 2023 , 16 minutes https://www.kernews.com/le-docteur-denis-agret-en-conference-vendredi-14-avril-a-saint-andre-des-eaux/40384/ Interview avec l&rsquo;avocat parisien Carlo Brusa (1h40) pour expliquer les tenants et aboutissants de &hellip; </p>
<p class="link-more"><a href="https://adoptetapolitiquesanitaire.fr/?page_id=264" class="more-link">Continuer la lecture<span class="screen-reader-text"> de &laquo;&nbsp;Vidéos / Interviews / Presse&nbsp;&raquo;</span></a></p>
