{"id":67,"date":"2021-04-16T16:05:00","date_gmt":"2021-04-16T14:05:00","guid":{"rendered":"http:\/\/adoptetapolitiquesanitaire.fr\/?page_id=67"},"modified":"2022-02-07T16:35:39","modified_gmt":"2022-02-07T15:35:39","slug":"information-vaccins-effets-indesirables-graves-et-deces-post-vaccination-france","status":"publish","type":"page","link":"https:\/\/adoptetapolitiquesanitaire.fr\/?page_id=67","title":{"rendered":"INFORMATION VACCINS EFFETS IND\u00c9SIRABLES GRAVES ET D\u00c9C\u00c8S POST VACCINATION FRANCE"},"content":{"rendered":"\n<p>Les chiffres de mortalit\u00e9 et d\u2019effets ind\u00e9sirables graves et de d\u00e9c\u00e8s apr\u00e8s vaccination progressent de mani\u00e8re tr\u00e8s inqui\u00e9tantes dans notre pays.<\/p>\n\n\n\n<p>Comme vous le savez, le corps m\u00e9dical est tenu par la loi d\u2019informer les patients des risques li\u00e9s \u00e0 la prise d\u2019un quelconque m\u00e9dicament.<\/p>\n\n\n\n<p>Je fais donc mon devoir de m\u00e9decin en informant tous les fran\u00e7ais de ceci.<\/p>\n\n\n\n<p>Je consid\u00e8re que je fais honneur au corps m\u00e9dical et que je l\u2019informe \u00e0 partir des donn\u00e9es publiques de Sant\u00e9 Publique France et de l\u2019ANSM Agence Nationale de S\u00e9curit\u00e9 du M\u00e9dicament.<\/p>\n\n\n\n<p><strong><u>Responsabilit\u00e9 civile et p\u00e9nale des m\u00e9decins<\/u><\/strong><\/p>\n\n\n\n<p>Un tr\u00e8s bel article de 2019 du CNOM !<\/p>\n\n\n\n<p><a href=\"https:\/\/www.conseil-national.medecin.fr\/medecin\/sante-publique\/prescrire-medicaments-traitements\">https:\/\/www.conseil-national.medecin.fr\/medecin\/sante-publique\/prescrire-medicaments-traitements<\/a><\/p>\n\n\n\n<p>Le d\u00e9veloppement de l\u2019information en sant\u00e9, <strong>en particulier sur Internet, peut conduire vos patients \u00e0 r\u00e9clamer la prescription d&rsquo;un m\u00e9dicament<\/strong> ou d&rsquo;un traitement. Toutefois, <strong>une prescription de complaisance est r\u00e9pr\u00e9hensible<\/strong>. <strong>Votre patient pourrait \u00eatre le premier \u00e0 en souffrir, \u00e0 le regretter<\/strong>, voire \u00e0 vous le reprocher. Il est de <strong>votre responsabilit\u00e9 d&rsquo;expliquer pourquoi ce m\u00e9dicament ou ce traitement s&rsquo;applique ou non \u00e0 son \u00e9tat de sant\u00e9<\/strong>.<\/p>\n\n\n\n<p>Une responsabilit\u00e9 civile et p\u00e9nale<\/p>\n\n\n\n<p>Vous, <strong>m\u00e9decins, devez apporter la preuve que vous aviez bien inform\u00e9 votre patient des risques de la prescription<\/strong><\/p>\n\n\n\n<p><strong><u>D\u00e9finition des phases 1, 2,3 dans les essais cliniques<\/u><\/strong><\/p>\n\n\n\n<p>Le site clinicaltrial.gov de la biblioth\u00e8que nationale de M\u00e9decine a rendu public que Le laboratoire Pfizer m\u00e8ne un essai de phase 1 2 3 sur une \u00e9tude visant \u00e0 d\u00e9crire l<strong>\u2019innocuit\u00e9 (Qualit\u00e9 de ce qui n&rsquo;est pas nuisible<\/strong> ) , la tol\u00e9rance, l\u2019immunog\u00e9nicit\u00e9 et l\u2019efficacit\u00e9 des vaccins ARN contre le covid 19.<\/p>\n\n\n\n<p><a href=\"https:\/\/clinicaltrials.gov\/ct2\/show\/NCT04368728\">https:\/\/clinicaltrials.gov\/ct2\/show\/NCT04368728<\/a><\/p>\n\n\n\n<figure class=\"wp-block-image size-large\"><img decoding=\"async\" loading=\"lazy\" width=\"1024\" height=\"641\" src=\"http:\/\/adoptetapolitiquesanitaire.fr\/wp-content\/uploads\/2021\/04\/1-vac-1-1024x641.png\" alt=\"\" class=\"wp-image-70\" srcset=\"https:\/\/adoptetapolitiquesanitaire.fr\/wp-content\/uploads\/2021\/04\/1-vac-1-1024x641.png 1024w, https:\/\/adoptetapolitiquesanitaire.fr\/wp-content\/uploads\/2021\/04\/1-vac-1-300x188.png 300w, https:\/\/adoptetapolitiquesanitaire.fr\/wp-content\/uploads\/2021\/04\/1-vac-1-768x481.png 768w, https:\/\/adoptetapolitiquesanitaire.fr\/wp-content\/uploads\/2021\/04\/1-vac-1-1536x962.png 1536w, https:\/\/adoptetapolitiquesanitaire.fr\/wp-content\/uploads\/2021\/04\/1-vac-1.png 1607w\" sizes=\"(max-width: 767px) 89vw, (max-width: 1000px) 54vw, (max-width: 1071px) 543px, 580px\" \/><\/figure>\n\n\n\n<p>D\u2019apr\u00e8s le site<\/p>\n\n\n\n<figure class=\"wp-block-embed\"><div class=\"wp-block-embed__wrapper\">\nhttps:\/\/solidarites-sante.gouv.fr\/soins-et-maladies\/medicaments\/le-circuit-du-medicament\/article\/le-developpement-du-medicament\n<\/div><\/figure>\n\n\n\n<p><a href=\"https:\/\/www.codes-et-lois.fr\/code-de-la-sante-publique\/toc-produits-sante-produits-pharmaceutiques-medicaments-usage-h-2cffebf-texte-integral\">https:\/\/www.codes-et-lois.fr\/code-de-la-sante-publique\/toc-produits-sante-produits-pharmaceutiques-medicaments-usage-h-2cffebf-texte-integral<\/a><\/p>\n\n\n\n<p>La <strong>Phase I <\/strong>&nbsp;est cens\u00e9e \u00eatre une \u00e9tude de <strong>l\u2019\u00e9volution de la mol\u00e9cule test\u00e9e<\/strong> dans l\u2019organisme en fonction du temps (cin\u00e9tique) et <strong>analyse de la toxicit\u00e9<\/strong> sur l\u2019\u00eatre humain. Cette phase est men\u00e9e sur un petit nombre de <strong>personnes volontaires et non malades<\/strong> (volontaires sains)<\/p>\n\n\n\n<p>La <strong>Phase II<\/strong>&nbsp;consiste \u00e0 l\u2019administration du m\u00e9dicament \u00e0 un petit nombre de patients pour rechercher la plus petite dose efficace et <strong>observer des effets secondaires nocifs<\/strong> en utilisant diff\u00e9rentes doses<\/p>\n\n\n\n<figure class=\"wp-block-image size-large\"><img decoding=\"async\" loading=\"lazy\" width=\"1024\" height=\"641\" src=\"http:\/\/adoptetapolitiquesanitaire.fr\/wp-content\/uploads\/2021\/04\/2-essai-1024x641.png\" alt=\"\" class=\"wp-image-73\" srcset=\"https:\/\/adoptetapolitiquesanitaire.fr\/wp-content\/uploads\/2021\/04\/2-essai-1024x641.png 1024w, https:\/\/adoptetapolitiquesanitaire.fr\/wp-content\/uploads\/2021\/04\/2-essai-300x188.png 300w, https:\/\/adoptetapolitiquesanitaire.fr\/wp-content\/uploads\/2021\/04\/2-essai-768x481.png 768w, https:\/\/adoptetapolitiquesanitaire.fr\/wp-content\/uploads\/2021\/04\/2-essai-1536x962.png 1536w, https:\/\/adoptetapolitiquesanitaire.fr\/wp-content\/uploads\/2021\/04\/2-essai.png 1607w\" sizes=\"(max-width: 767px) 89vw, (max-width: 1000px) 54vw, (max-width: 1071px) 543px, 580px\" \/><\/figure>\n\n\n\n<p><strong>Donc au premier d\u00e9c\u00e8s, nous sommes tenu d\u2019<\/strong><\/p>\n\n\n\n<ul><li><strong>arr\u00eater imm\u00e9diatement l\u2019essai clinique et faire l\u2019analyse des causes de d\u00e9c\u00e8s&nbsp;que ce soit en phase 1 ou 2, et<\/strong><\/li><li><strong>pratiquer l\u2019autopsie, avec le consentement de la famille et l\u2019analyse biologique et immunologique.<\/strong><\/li><\/ul>\n\n\n\n<p><strong><u>Exemple du d\u00e9c\u00e8s en janvier 2016 suite \u00e0 utilisation de BIA 10-2474<\/u><\/strong><\/p>\n\n\n\n<p><a href=\"https:\/\/sante.lefigaro.fr\/actualite\/2016\/01\/15\/24502-essai-clinique-tourne-drame-rennes\">https:\/\/sante.lefigaro.fr\/actualite\/2016\/01\/15\/24502-essai-clinique-tourne-drame-rennes<\/a><\/p>\n\n\n\n<p>et au rapport cit\u00e9 dans l\u2019article du Monde<\/p>\n\n\n\n<p><a href=\"https:\/\/www.lemonde.fr\/sante\/article\/2016\/10\/11\/essai-clinique-de-rennes-un-drame-en-cinq-questions_5011900_1651302.html\">https:\/\/www.lemonde.fr\/sante\/article\/2016\/10\/11\/essai-clinique-de-rennes-un-drame-en-cinq-questions_5011900_1651302.html<\/a><\/p>\n\n\n\n<p>Accident survenu le 10 janvier 2016&nbsp;: Un \u00abvolontaire sain\u00bb engag\u00e9 dans un essai clinique en \u00e9tat de mort c\u00e9r\u00e9bral au CHU de Rennes est d\u00e9c\u00e9d\u00e9 le dimanche 10 janvier apr\u00e8s-midi<\/p>\n\n\n\n<p>L&rsquo;essai a \u00e9t\u00e9 interrompu le 11&nbsp;janvier, pr\u00e9voyait 128 volontaires.<\/p>\n\n\n\n<p>Le <a href=\"http:\/\/social-sante.gouv.fr\/IMG\/pdf\/2016-012r_tome_1_rapport_definitif_rect_20_05.pdf\" target=\"_blank\" rel=\"noreferrer noopener\">rapport de l\u2019Inspection g\u00e9n\u00e9rale des affaires sociales<\/a> (IGAS) indique&nbsp;: <em>\u00ab&nbsp;En premier lieu, <strong><u>la question du bien-fond\u00e9 m\u00eame de l\u2019essai a \u00e9t\u00e9 soulev\u00e9e<\/u><\/strong>. La valeur ajout\u00e9e potentielle du produit dans l\u2019arsenal th\u00e9rapeutique <strong><u>pouvait \u00eatre mise en doute aux yeux de certains experts<\/u><\/strong>. Le protocole \u00e9voquait ainsi une panoplie tr\u00e8s large de b\u00e9n\u00e9fices th\u00e9rapeutiques potentiels futurs <strong><u>sans argumenter l\u2019apport sp\u00e9cifique attendu du produit par rapport \u00e0 d\u2019autres mol\u00e9cules<\/u><\/strong>. Dans ces conditions, la <strong><u>d\u00e9cision d\u2019exposer des volontaires aux risques par d\u00e9finition non totalement pr\u00e9visibles d\u2019un m\u00e9dicament exp\u00e9rimental<\/u><\/strong> pouvait poser question.&nbsp;\u00bb<\/em><em><\/em><\/p>\n\n\n\n<p>La question du bienfond\u00e9 de la vaccination chez des populations jeunes de moins de 65 ans non \u00e0 risque du coronavirus se pose alors.<\/p>\n\n\n\n<p>La balance b\u00e9n\u00e9fice \/ risque (effets ind\u00e9sirables graves et d\u00e9c\u00e8s apr\u00e8s vaccin) se pose.<\/p>\n\n\n\n<p>Je cite le professeur Toubiana qui t\u00e9moigne que \u00ab&nbsp; <strong>les moins de 65 ans n\u2019ont eu aucune surmortalit\u00e9&nbsp;\u00bb li\u00e9 au coronavirus, \u00ab&nbsp;les moins de 65 ans, \u00e7a repr\u00e9sente 80% de la population&nbsp;\u00bb<\/strong>.<\/p>\n\n\n\n<p><a href=\"https:\/\/www.youtube.com\/watch?v=J1F-oVVf8fI\">https:\/\/www.youtube.com\/watch?v=J1F-oVVf8fI<\/a> \u00e0 la minute 6\u201952<\/p>\n\n\n\n<p>Alors pourquoi vouloir leur faire prendre un seul risque li\u00e9 au vaccin&nbsp;?<\/p>\n\n\n\n<p><strong><u>Donn\u00e9es issues des rapports publics ANSM du 02 et du 09\/04\/2021<\/u><\/strong><\/p>\n\n\n\n<p>A ce jour, Pfizer repr\u00e9sente le vaccin le plus utilis\u00e9 en France 72% des vaccin\u00e9s et 88% des d\u00e9c\u00e8s, soit n= 386\/ 438&nbsp;!<\/p>\n\n\n\n<p>Malgr\u00e9 le d\u00e9tournement du regard des m\u00e9dias vers Astrazeneca 21% des vaccin\u00e9s qui n\u2019est pas le plus l\u00e9tal (1,8 d\u00e9c\u00e8s \/ 100&nbsp;000, cf tableau infra), il est indispensable de regarder les effets secondaires graves et les d\u00e9c\u00e8s avec Pfizer&nbsp;:4,5 d\u00e9c\u00e8s \/ 100&nbsp;000.<\/p>\n\n\n\n<p>Au total 11&nbsp;769&nbsp;823 vaccin\u00e9s dont 5&nbsp;552 effets ind\u00e9sirables graves et 438 d\u00e9c\u00e8s, dont un d\u00e9c\u00e8s apr\u00e8s vaccination chez un interne en m\u00e9decine de 24 ans, qui faut-il le rappeler, faisait donc partie de la population \u00e0 risque 0.<\/p>\n\n\n\n<p>Les &nbsp;ratios sont les suivants&nbsp;:<\/p>\n\n\n\n<ul><li><strong>1 effet ind\u00e9sirable grave pour 2&nbsp;127 vaccin\u00e9s<\/strong>, ce qui est colossal.<\/li><\/ul>\n\n\n\n<p>Les effets ind\u00e9sirables graves comprennent entre autres&nbsp;: phl\u00e9bites, embolies pulmonaires, AVC thrombotiques et h\u00e9morragiques, h\u00e9morragies, CIVD consommation intravasculaire diss\u00e9min\u00e9 et TVSC thromboses sinus veineux c\u00e9r\u00e9bral, infarctus du myocarde, SDRA, chocs allergiques graves anaphylactiques\u2026<\/p>\n\n\n\n<p>Alors que les effets du coronavirus se limitent \u00e0 des pneumopathies bact\u00e9riennes et des SDRA dans la majorit\u00e9 des cas d\u00e9crits.<\/p>\n\n\n\n<ul><li><strong>1 d\u00e9c\u00e8s pour 27&nbsp;000 vaccin\u00e9s.<\/strong><\/li><\/ul>\n\n\n\n<p><strong>Nous sommes tr\u00e8s tr\u00e8s loin de l\u2019innocuit\u00e9.<\/strong><\/p>\n\n\n\n<p><strong>Vous avez plus de chance de mourir du vaccin que de gagner au loto, 1 chance sur 2&nbsp;000&nbsp;000 au rang 2, 1 chance sur 19&nbsp;000&nbsp;000 au rang 1.<\/strong><\/p>\n\n\n\n<p><strong>Tout essai clinique en phase 1 ou 2 avec un d\u00e9c\u00e8s doit \u00eatre arr\u00eat\u00e9&nbsp;! DONC STOP&nbsp;!<\/strong><\/p>\n\n\n\n<p>Le nombre de vaccin\u00e9s a progress\u00e9 en 1 semaine de + 20% de 9 millions \u00e0 11 millions faisaient courir des risques d\u2019effets ind\u00e9sirables graves et de d\u00e9c\u00e8s \u00e0 des populations tr\u00e8s mal inform\u00e9es et ne risquant <strong>que tr\u00e8s tr\u00e8s peu de mortalit\u00e9 li\u00e9 au corona&nbsp;: 93% des d\u00e9c\u00e8s concernent les plus de 65 ans avec 65% de comorbidit\u00e9s d\u00e9clar\u00e9es<\/strong>.<\/p>\n\n\n\n<figure class=\"wp-block-image\"><img decoding=\"async\" src=\"\" alt=\"\"\/><\/figure>\n\n\n\n<p>D\u2019une part, l\u2019\u00e9volution du nombre de vaccin\u00e9s croit \u00e0 une vitesse tr\u00e8s inqui\u00e9tante +20% en une semaine, soutenue par une logistique colossale notamment financi\u00e8re qui incite \u00e0 vacciner&nbsp; les m\u00e9decins&nbsp;: 420 \u20ac pour 4 heures, dentistes&nbsp;: 280\u20ac, infirmi\u00e8res&nbsp;: 220\u20ac, v\u00e9t\u00e9rinaires&nbsp;: 160\u20ac!<\/p>\n\n\n\n<p>D\u2019autre part les centres de pharmacovigilance (CPV), d\u00e9bord\u00e9s par l\u2019afflux de signalements ne peuvent plus renseigner de mani\u00e8re satisfaisante ces effets ind\u00e9sirables graves et d\u00e9c\u00e8s ce qui conduit \u00e0 une \u00ab&nbsp;baisse&nbsp;\u00bb relative en pourcentage des effets ind\u00e9sirables graves et des d\u00e9c\u00e8s, ce qui est faussement rassurant, du fait du manque de moyens humains et financiers sur les CPV.<\/p>\n\n\n\n<p>On voit bien que les moyens engag\u00e9s pour vacciner sont \u00e9normes alors que les moyens engag\u00e9s pour recenser les effets ind\u00e9sirables graves et d\u00e9c\u00e8s restent insuffisants.<\/p>\n\n\n\n<p>Pour information, le site <a href=\"https:\/\/signalement.social-sante.gouv.fr\/\">https:\/\/signalement.social-sante.gouv.fr\/<\/a> permet de signaler les effets ind\u00e9sirables graves et les d\u00e9c\u00e8s.<\/p>\n\n\n\n<p><strong>Pour vacciner il faut une minute, pour signaler il faut minimum une heure<\/strong>, le temps de collecter toutes les donn\u00e9es cliniques, et les saisir&nbsp;!<\/p>\n\n\n\n<figure class=\"wp-block-image\"><img decoding=\"async\" src=\"\" alt=\"\"\/><\/figure>\n\n\n\n<p><a href=\"https:\/\/solidarites-sante.gouv.fr\/IMG\/pdf\/guide_patients_declaration_ei.pdf\">https:\/ \/<\/a><a href=\"https:\/\/solidarites-sante.gouv.fr\/IMG\/pdf\/guide_patients_declaration_ei.pdf\">solidarites-sante.gouv.fr\/IMG\/pdf\/guide_patients_declaration_ei.pdf<\/a><\/p>\n\n\n\n<p>Il est indispensable de <strong>renseigner la date et l\u2019heure de la vaccination et de l\u2019\u00e9v\u00e8nement grave ou du d\u00e9c\u00e8s<\/strong> pour pouvoir estimer l\u2019imputabilit\u00e9 intrins\u00e8que chronologique.<\/p>\n\n\n\n<p>L\u2019imputabilit\u00e9 (la causalit\u00e9) \u00e9tablit la <strong>relation de cause \u00e0 effet entre chaque m\u00e9dicament.<\/strong>.. <strong>et<\/strong> la <strong>survenue d\u2019un \u00e9v\u00e9nement&#8230; d\u00e9termin\u00e9.<\/strong><\/p>\n\n\n\n<p>Plus l\u2019\u00e9v\u00e8nement survient pr\u00e9cocement apr\u00e8s l\u2019injection, plus il est suspect d\u2019\u00eatre en rapport avec cette injection.<\/p>\n\n\n\n<p>On peut d\u2019ores et d\u00e9j\u00e0 incriminer une imputabilit\u00e9 chronologique d\u2019apr\u00e8s les rapports ANSM \u00e9tant donn\u00e9 que 68,5% des effets surviennent dans les moins de 24h et 84% surviennent dans les moins de 4 jours&nbsp;!<\/p>\n\n\n\n<p>L\u2019imputabilit\u00e9 est donc tr\u00e8s grande&nbsp;!<\/p>\n\n\n\n<figure class=\"wp-block-image\"><img decoding=\"async\" src=\"\" alt=\"\"\/><\/figure>\n\n\n\n<p><strong><u>EN CONCLUSION<\/u><\/strong><\/p>\n\n\n\n<p>Vaccin en phase de \u00ab&nbsp;test&nbsp;\u00bb phase 1 et 2 <strong>si un d\u00e9c\u00e8s survient, on devrait arr\u00eater l\u2019essai&nbsp;!<\/strong><\/p>\n\n\n\n<p>Pfizer 72% des vaccin\u00e9s (88% des d\u00e9c\u00e8s), Astrazeneca 21%, Moderna 7% pour soit 11&nbsp;770&nbsp;000 vaccin\u00e9s&nbsp;!<\/p>\n\n\n\n<p>Dont<\/p>\n\n\n\n<p><strong>1 effets ind\u00e9sirables graves pour 2&nbsp;127 vaccin\u00e9s<\/strong>, ce qui est colossal.<\/p>\n\n\n\n<p><strong>1 d\u00e9c\u00e8s pour 27&nbsp;000 vaccin\u00e9s. Nous sommes tr\u00e8s tr\u00e8s loin de l\u2019innocuit\u00e9. 438 d\u00e9c\u00e8s post vaccins au total<\/strong><\/p>\n\n\n\n<p><strong>Tout essai clinique en phase 1 ou 2 avec un d\u00e9c\u00e8s doit \u00eatre arr\u00eat\u00e9&nbsp;! DONC STOP&nbsp;!<\/strong><\/p>\n\n\n\n<p><strong>Pour vacciner il faut une minute, pour signaler il faut minimum une heure<\/strong>, le temps de collecter toutes les donn\u00e9es cliniques, et les saisir&nbsp;!<\/p>\n\n\n\n<p>Trop de moyen financier et humain sur la vaccination et pas assez sur le recensement des effets ind\u00e9sirables graves et des d\u00e9c\u00e8s.<\/p>\n\n\n\n<p><strong>La vaccination, toutes marques confondues, doit \u00eatre stopp\u00e9e au moins un mois = PRINCIPE DE PRECAUTION<\/strong><\/p>\n\n\n\n<p><strong>La HAS recommande \u00e0 ce stade de n\u2019utiliser le vaccin AstraZeneca que pour les personnes \u00e2g\u00e9es de 55 ans et plus compte tenu du risque de coagulation intravasculaire diss\u00e9min\u00e9e (CIVD) et de thrombose veineuse c\u00e9r\u00e9brale (TVC) chez les personnes de moins de 55 ans.<\/strong><\/p>\n\n\n\n<p><a href=\"https:\/\/www.has-sante.fr\/jcms\/p_3244305\/fr\/covid-19-la-has-recommande-d-utiliser-le-vaccin-d-astrazeneca-chez-les-55-ans-et-plus\">https:\/\/www.has-sante.fr\/jcms\/p_3244305\/fr\/covid-19-la-has-recommande-d-utiliser-le-vaccin-d-astrazeneca-chez-les-55-ans-et-plus<\/a><\/p>\n\n\n\n<p>Compte tenu des <strong>3&nbsp;117 effets ind\u00e9sirables graves de Pfizer, il semble logique de suspendre \u00e9galement ce vaccin chez les moins de 55 ans<\/strong>.<\/p>\n\n\n\n<p>Il est n\u00e9cessaire de transf\u00e9rer, adresser ces informations \u00e0 vos m\u00e9decins, infirmiers, pharmaciens, v\u00e9t\u00e9rinaires par le vecteur que je vous jugerez utile&nbsp;: paroles t\u00e9l\u00e9phones, papier courrier, mail, r\u00e9seaux sociaux\u2026<\/p>\n\n\n\n<p>RECOMMANDATION De Denis AGRET \u00e0 l\u2019intention de mes confr\u00e8res&nbsp;:<\/p>\n\n\n\n<p>Il est indispensable de rappeler \u00e0 tous les m\u00e9decins cliniciens et en particulier urgentiste de poser la question \u00e0 chaque fois qu\u2019ils re\u00e7oivent un patient, si celui-ci a re\u00e7u dans les jours et ou les mois pr\u00e9c\u00e9dents une ou plusieurs doses de vaccin Covid. A chaque accident aigu type embolie pulmonaire, AVC, infarctus du myocarde, etc , se r\u00e9f\u00e9er \u00e0 liste des \u00e9venements ind\u00e9sirables graves supra.<\/p>\n\n\n\n<p>Et dans l\u2019affirmative de recueillir la date et heure de la vaccination et de l\u2019effet ind\u00e9sirable ou d\u00e9c\u00e8s et l\u2019obligation de le d\u00e9clarer sur le site cf supra.<\/p>\n\n\n\n<p>A Monsieur le pr\u00e9sident Emmanuel Macron, Je souhaite rappeler que tout l\u2019enjeu de la science repose sur le contradictoire.<\/p>\n\n\n\n<p>Ainsi est-il de l\u2019int\u00e9r\u00eat de tous d\u2019int\u00e9grer des personnes comme moi, c\u2019est-\u00e0-dire, non convaincues par le consensus actuel.<\/p>\n\n\n\n<p>Monsieur le pr\u00e9sident Emmanuel Macron, je veux bien postuler comme ministre de la Sant\u00e9&nbsp;ou comme secr\u00e9taire d\u2019Etat \u00e0 la sant\u00e9!<\/p>\n\n\n\n<p>Vous devriez demander la d\u00e9mission de Mr Olivier V\u00e9ran et de votre chef de cabinet Brice Blondel&nbsp;qui semble-t-il n\u2019a pas jug\u00e9 utile de vous informer de ma lettre !<\/p>\n\n\n\n<p>En t\u00e9moigne sa r\u00e9ponse ci-dessous Mr Le Pr\u00e9sident \u00e0 ma lettre qui vous \u00e9tait adress\u00e9e le 26\/01\/2021, <strong>vous pouvez encore changer d\u2019\u00e9quipe<\/strong>&nbsp;!!!<\/p>\n\n\n\n<p>Avec mes salutations respectueuses.<\/p>\n\n\n\n<figure class=\"wp-block-image\"><img decoding=\"async\" src=\"\" alt=\"\"\/><\/figure>\n\n\n\n<p><\/p>\n","protected":false},"excerpt":{"rendered":"<p>Les chiffres de mortalit\u00e9 et d\u2019effets ind\u00e9sirables graves et de d\u00e9c\u00e8s apr\u00e8s vaccination progressent de mani\u00e8re tr\u00e8s inqui\u00e9tantes dans notre pays. Comme vous le savez, le corps m\u00e9dical est tenu par la loi d\u2019informer les patients des risques li\u00e9s \u00e0 la prise d\u2019un quelconque m\u00e9dicament. Je fais donc mon devoir de m\u00e9decin en informant tous &hellip; <\/p>\n<p class=\"link-more\"><a href=\"https:\/\/adoptetapolitiquesanitaire.fr\/?page_id=67\" class=\"more-link\">Continuer la lecture<span class=\"screen-reader-text\"> de &laquo;&nbsp;INFORMATION VACCINS EFFETS IND\u00c9SIRABLES GRAVES ET D\u00c9C\u00c8S POST VACCINATION FRANCE&nbsp;&raquo;<\/span><\/a><\/p>\n","protected":false},"author":1,"featured_media":0,"parent":21,"menu_order":4,"comment_status":"closed","ping_status":"closed","template":"","meta":[],"_links":{"self":[{"href":"https:\/\/adoptetapolitiquesanitaire.fr\/index.php?rest_route=\/wp\/v2\/pages\/67"}],"collection":[{"href":"https:\/\/adoptetapolitiquesanitaire.fr\/index.php?rest_route=\/wp\/v2\/pages"}],"about":[{"href":"https:\/\/adoptetapolitiquesanitaire.fr\/index.php?rest_route=\/wp\/v2\/types\/page"}],"author":[{"embeddable":true,"href":"https:\/\/adoptetapolitiquesanitaire.fr\/index.php?rest_route=\/wp\/v2\/users\/1"}],"replies":[{"embeddable":true,"href":"https:\/\/adoptetapolitiquesanitaire.fr\/index.php?rest_route=%2Fwp%2Fv2%2Fcomments&post=67"}],"version-history":[{"count":4,"href":"https:\/\/adoptetapolitiquesanitaire.fr\/index.php?rest_route=\/wp\/v2\/pages\/67\/revisions"}],"predecessor-version":[{"id":222,"href":"https:\/\/adoptetapolitiquesanitaire.fr\/index.php?rest_route=\/wp\/v2\/pages\/67\/revisions\/222"}],"up":[{"embeddable":true,"href":"https:\/\/adoptetapolitiquesanitaire.fr\/index.php?rest_route=\/wp\/v2\/pages\/21"}],"wp:attachment":[{"href":"https:\/\/adoptetapolitiquesanitaire.fr\/index.php?rest_route=%2Fwp%2Fv2%2Fmedia&parent=67"}],"curies":[{"name":"wp","href":"https:\/\/api.w.org\/{rel}","templated":true}]}}